of 19782.
2, 3, 7, 157
List the prime factors of 7378.
2, 7, 17, 31
What are the prime factors of 4338?
2, 3, 241
What are the prime factors of 1270?
2, 5, 127
What are the prime factors of 14858?
2, 17, 19, 23
List the prime factors of 21856.
2, 683
What are the prime factors of 46661?
29, 1609
List the prime factors of 3890.
2, 5, 389
List the prime factors of 332.
2, 83
List the prime factors of 492.
2, 3, 41
List the prime factors of 94821.
3, 31607
What are the prime factors of 9664?
2, 151
List the prime factors of 5797.
11, 17, 31
What are the prime factors of 1647?
3, 61
What are the prime factors of 80336?
2, 5021
List the prime factors of 2412.
2, 3, 67
List the prime factors of 8208.
2, 3, 19
List the prime factors of 22892.
2, 59, 97
What are the prime factors of 10437?
3, 7, 71
What are the prime factors of 57182?
2, 28591
List the prime factors of 19981.
13, 29, 53
What are the prime factors of 4568?
2, 571
List the prime factors of 1932.
2, 3, 7, 23
What are the prime factors of 17871?
3, 7, 23, 37
List the prime factors of 1003.
17, 59
What are the prime factors of 143223?
3, 47741
What are the prime factors of 2205?
3, 5, 7
List the prime factors of 35863.
35863
What are the prime factors of 129219?
3, 19, 2267
What are the prime factors of 59434?
2, 29717
What are the prime factors of 1342?
2, 11, 61
List the prime factors of 22.
2, 11
What are the prime factors of 7176?
2, 3, 13, 23
What are the prime factors of 3983?
7, 569
List the prime factors of 1223.
1223
What are the prime factors of 29946?
2, 3, 7, 23, 31
What are the prime factors of 15463?
7, 47
What are the prime factors of 969?
3, 17, 19
What are the prime factors of 1708?
2, 7, 61
What are the prime factors of 2852?
2, 23, 31
What are the prime factors of 22364?
2, 5591
List the prime factors of 15918.
2, 3, 7, 379
What are the prime factors of 24147?
3, 2683
List the prime factors of 29904.
2, 3, 7, 89
What are the prime factors of 33225?
3, 5, 443
List the prime factors of 3921.
3, 1307
What are the prime factors of 16827?
3, 71, 79
What are the prime factors of 3819?
3, 19, 67
What are the prime factors of 44365?
5, 19, 467
List the prime factors of 14999.
53, 283
What are the prime factors of 837?
3, 31
What are the prime factors of 3510?
2, 3, 5, 13
What are the prime factors of 21483?
3, 7, 11, 31
List the prime factors of 193.
193
What are the prime factors of 3574?
2, 1787
List the prime factors of 2570.
2, 5, 257
List the prime factors of 4890.
2, 3, 5, 163
What are the prime factors of 87447?
3, 103, 283
List the prime factors of 10827.
3, 401
List the prime factors of 123.
3, 41
List the prime factors of 77447.
77447
List the prime factors of 59200.
2, 5, 37
What are the prime factors of 1180?
2, 5, 59
What are the prime factors of 5502?
2, 3, 7, 131
What are the prime factors of 44797?
44797
List the prime factors of 14739.
3, 17
List the prime factors of 33628.
2, 7, 1201
List the prime factors of 7645.
5, 11, 139
What are the prime factors of 1284?
2, 3, 107
List the prime factors of 31973.
31973
What are the prime factors of 831?
3, 277
List the prime factors of 1947.
3, 11, 59
List the prime factors of 1235.
5, 13, 19
List the prime factors of 10591.
7, 17, 89
What are the prime factors of 2025?
3, 5
List the prime factors of 2288.
2, 11, 13
What are the prime factors of 162774?
2, 3, 9043
What are the prime factors of 73652?
2, 18413
What are the prime factors of 1193?
1193
List the prime factors of 2593.
2593
List the prime factors of 119053.
11, 79, 137
List the prime factors of 651.
3, 7, 31
What are the prime factors of 600?
2, 3, 5
What are the prime factors of 58595?
5, 11719
List the prime factors of 25351.
101, 251
What are the prime factors of 3731?
7, 13, 41
What are the prime factors of 302?
2, 151
List the prime factors of 7139.
11, 59
What are the prime factors of 905?
5, 181
List the prime factors of 45543.
3, 17, 19, 47
What are the prime factors of 54680?
2, 5, 1367
What are the prime factors of 1536?
2, 3
What are the prime factors of 382?
2, 191
List the prime factors of 734.
2, 367
List the prime factors of 24.
2, 3
What are the prime factors of 2918?
2, 1459
What are the prime factors of 75210?
2, 3, 5, 23, 109
What are the prime factors of 33705?
3, 5, 7, 107
What are the prime factors of 870?
2, 3, 5, 29
List the prime factors of 133.
7, 19
List the prime factors of 1871.
1871
What are the prime factors of 4101?
3, 1367
What are the prime factors of 3871?
7, 79
What are the prime factors of 10290?
2, 3, 5, 7
What are the prime factors of 2863?
7, 409
What are the prime factors of 42150?
2, 3, 5, 281
List the prime factors of 40.
2, 5
List the prime factors of 145090.
2, 5, 11, 1319
List the prime factors of 5286.
2, 3, 881
List the prime factors of 3652.
2, 11, 83
List the prime factors of 1057.
7, 151
List the prime factors of 476.
2, 7, 17
What are the prime factors of 107415?
3, 5, 7, 11, 31
What are the prime factors of 2542?
2, 31, 41
What are the prime factors of 77595?
3, 5, 7, 739
List the prime factors of 2757.
3, 919
What are the prime factors of 72364?
2, 79, 229
List the prime factors of 29476.
2, 7369
What are the prime factors of 45763?
45763
List the prime factors of 15011.
17, 883
What are the prime factors of 77234?
2, 23, 73
What are the prime factors of 6448?
2, 13, 31
What are the prime factors of 2858?
2, 1429
List the prime factors of 131.
131
What are the prime factors of 8727?
3, 2909
What are the prime factors of 123173?
37, 3329
What are the prime factors of 854?
2, 7, 61
What are the prime factors of 69417?
3, 857
List the prime factors of 7806.
2, 3, 1301
List the prime factors of 18734.
2, 17, 19, 29
What are the prime factors of 33787?
13, 23, 113
What are the prime factors of 1074?
2, 3, 179
What are the prime factors of 6361?
6361
List the prime factors of 90996.
2, 3, 7583
What are the prime factors of 5165?
5, 1033
List the prime factors of 122050.
2, 5, 2441
List the prime factors of 2092.
2, 523
List the prime factors of 28207.
67, 421
What are the prime factors of 4078?
2, 2039
List the prime factors of 4876.
2, 23, 53
What are the prime factors of 206?
2, 103
What are the prime factors of 24801?
3, 7, 1181
List the prime factors of 913.
11, 83
What are the prime factors of 226?
2, 113
What are the prime factors of 1845?
3, 5, 41
What are the prime factors of 3170?
2, 5, 317
What are the prime factors of 50387?
50387
What are the prime factors of 15444?
2, 3, 11, 13
What are the prime factors of 970?
2, 5, 97
What are the prime factors of 3932?
2, 983
List the prime factors of 150067.
150067
What are the prime factors of 14153?
14153
What are the prime factors of 29749?
71, 419
List the prime factors of 372.
2, 3, 31
List the prime factors of 14277.
3, 4759
List the prime factors of 15113.
7, 17, 127
List the prime factors of 20685.
3, 5, 7, 197
List the prime factors of 857.
857
List the prime factors of 114161.
114161
List the prime factors of 10247.
10247
What are the prime factors of 526?
2, 263
List the prime factors of 202916.
2, 7, 7247
List the prime factors of 6361.
6361
What are the prime factors of 1115?
5, 223
What are the prime factors of 30642?
2, 3, 5107
What are the prime factors of 164460?
2, 3, 5, 2741
What are the prime factors of 102261?
3, 89, 383
What are the prime factors of 6266?
2, 13, 241
What are the prime factors of 82054?
2, 7, 5861
What are the prime factors of 867?
3, 17
What are the prime factors of 48915?
3, 5, 1087
What are the prime factors of 17009?
73, 233
What are the prime factors of 5397?
3, 7, 257
What are the prime factors of 13714?
2, 6857
List the prime factors of 2012.
2, 503
List the prime factors of 9503.
13, 17, 43
List the prime factors of 1364.
2, 11, 31
What are the prime factors of 1588?
2, 397
What are the prime factors of 136457?
61, 2237
What are the prime factors of 1788?
2, 3, 149
What are the prime factors of 10999?
17, 647
What are the prime factors of 52982?
2, 59, 449
List the prime factors of 2217.
3, 739
What are the prime factors of 1149?
3, 383
List the prime factors of 67029.
3, 22343
List the prime factors of 42600.
2, 3, 5, 71
List the prime factors of 357.
3, 7, 17
What are the prime factors of 567?
3, 7
What are t